{"id":2435,"date":"2025-09-01T11:27:54","date_gmt":"2025-09-01T09:27:54","guid":{"rendered":"https:\/\/fortbildungen.scobees.com\/?page_id=2435"},"modified":"2025-09-25T18:36:50","modified_gmt":"2025-09-25T16:36:50","slug":"freaturevoting","status":"publish","type":"page","link":"https:\/\/fortbildungen.scobees.com\/index.php\/freaturevoting\/","title":{"rendered":"Feature Voting"},"content":{"rendered":"<!--themify_builder_content-->\n<div id=\"themify_builder_content-2435\" data-postid=\"2435\" class=\"themify_builder_content themify_builder_content-2435 themify_builder tf_clear\">\n    \t\t\t<!-- module_row -->\n\t<div  data-css_id=\"lm6r973\" data-lazy=\"1\" class=\"module_row themify_builder_row fullwidth_row_container tb_lm6r973 tb_first tf_w tf_clearfix wow\" data-tf-animation=\"fadeIn\">\n\t    \t\t\t<div class=\"row_inner col_align_top tb_col_count_1 tf_box tf_rel\">\n\t\t            <div  data-lazy=\"1\" class=\"module_column tb-column col-full tb_938d978 first\">\n                                                        <div class=\"tb-column-inner tf_box tf_w\">\n                        <!-- module image -->\n<div  class=\"module module-image tb_rwcv739   image-top tf_mw\" data-lazy=\"1\">\n        <div class=\"image-wrap tf_rel tf_mw\">\n\t\t    <img loading=\"lazy\" decoding=\"async\" src=\"https:\/\/scobees.com\/wp-content\/uploads\/2024\/09\/scobees-mood-bewirken-lehrer.jpg\" width=\"1920\" height=\"800\" title=\"Feature Voting\" alt=\"Feature Voting\">\t\n\t\t<\/div>\n\t<!-- \/image-wrap -->\n    \n    \t<\/div>\n<!-- \/module image -->                    <\/div>\n                            <\/div>\n            \t    <\/div>\n\t    <!-- \/row_inner -->\n\t<\/div>\n\t<!-- \/module_row -->\n\t\t\t\t<!-- module_row -->\n\t<div  data-lazy=\"1\" class=\"module_row themify_builder_row tb_71hg91 tf_w tf_clearfix\">\n\t    \t\t\t<div class=\"row_inner col_align_top tb_col_count_1 tf_box tf_rel\">\n\t\t            <div  data-lazy=\"1\" class=\"module_column tb-column col-full tb_5zqv91 first\">\n                                                        <div class=\"tb-column-inner tf_box tf_w\">\n                        <!-- module text -->\n<div  class=\"module module-text tb_gtsn938  repeat \" data-lazy=\"1\">\n        <div  class=\"tb_text_wrap\">\n    <h2 data-start=\"249\" data-end=\"292\"><strong data-start=\"249\" data-end=\"290\">Willkommen zum Scobees Feature-Voting<\/strong><\/h2>\n<p data-start=\"294\" data-end=\"503\">Die neue <span data-start=\"353\" data-end=\"367\">Scobees V3<\/span> ist da! Freut euch auf spannende Verbesserungen und jede Menge neue M\u00f6glichkeiten.<\/p>\n<p data-start=\"294\" data-end=\"503\">Zum Start haben wir die wichtigsten Features freigeschaltet und ver\u00f6ffentlichen darauf aufbauend Woche f\u00fcr Woche neue Erweiterungen.<\/p>\n<p>Eure Ideen sind Gold wert! Damit Scobees noch besser zu euch passt, k\u00f6nnt ihr hier abstimmen, welche Features wir als N\u00e4chstes entwickeln sollen und uns eure W\u00fcnsche f\u00fcr die Zukunft mitgeben.<\/p>\n<p><span style=\"background-color: initial;\">Wir freuen uns auf euer Feedback.<\/span><span style=\"background-color: initial;\">\u00a0Jede Stimme z\u00e4hlt!<\/span><\/p>\n<p><span style=\"background-color: initial; font-weight: bold;\">HIER GEHTS ZUR ABSTIMMUNG:<a href=\"https:\/\/scobees.featureupvote.com\/\" target=\"_blank\" rel=\"noopener\">\u00a0<\/a><\/span><span style=\"background-color: initial;\"><b><a href=\"https:\/\/scobees.featureupvote.com\/\" target=\"_blank\" rel=\"noopener\">https:\/\/scobees.featureupvote.com\/<\/a><\/b><\/span><\/p>\n<div>\u00a0<\/div>    <\/div>\n<\/div>\n<!-- \/module text -->                    <\/div>\n                            <\/div>\n            \t    <\/div>\n\t    <!-- \/row_inner -->\n\t<\/div>\n\t<!-- \/module_row -->\n\t<\/div>\n<!--\/themify_builder_content-->\n\n\n<p><\/p>\n\n\n\n<p><\/p>","protected":false},"excerpt":{"rendered":"","protected":false},"author":7,"featured_media":0,"parent":0,"menu_order":0,"comment_status":"closed","ping_status":"closed","template":"","meta":{"footnotes":""},"class_list":["post-2435","page","type-page","status-publish","hentry","has-post-title","has-post-date","has-post-category","has-post-tag","has-post-comment","has-post-author",""],"builder_content":"<img src=\"https:\/\/scobees.com\/wp-content\/uploads\/2024\/09\/scobees-mood-bewirken-lehrer.jpg\" width=\"1920\" height=\"800\" title=\"Feature Voting\" alt=\"Feature Voting\">\n<h2 data-start=\"249\" data-end=\"292\"><strong data-start=\"249\" data-end=\"290\">Willkommen zum Scobees Feature-Voting<\/strong><\/h2> <p data-start=\"294\" data-end=\"503\">Die neue Scobees V3 ist da! Freut euch auf spannende Verbesserungen und jede Menge neue M\u00f6glichkeiten.<\/p> <p data-start=\"294\" data-end=\"503\">Zum Start haben wir die wichtigsten Features freigeschaltet und ver\u00f6ffentlichen darauf aufbauend Woche f\u00fcr Woche neue Erweiterungen.<\/p> <p>Eure Ideen sind Gold wert! Damit Scobees noch besser zu euch passt, k\u00f6nnt ihr hier abstimmen, welche Features wir als N\u00e4chstes entwickeln sollen und uns eure W\u00fcnsche f\u00fcr die Zukunft mitgeben.<\/p> <p>Wir freuen uns auf euer Feedback.\u00a0Jede Stimme z\u00e4hlt!<\/p> <p>HIER GEHTS ZUR ABSTIMMUNG:<a href=\"https:\/\/scobees.featureupvote.com\/\" target=\"_blank\" rel=\"noopener\">\u00a0<\/a><b><a href=\"https:\/\/scobees.featureupvote.com\/\" target=\"_blank\" rel=\"noopener\">https:\/\/scobees.featureupvote.com\/<\/a><\/b><\/p> \u00a0","_links":{"self":[{"href":"https:\/\/fortbildungen.scobees.com\/index.php\/wp-json\/wp\/v2\/pages\/2435","targetHints":{"allow":["GET"]}}],"collection":[{"href":"https:\/\/fortbildungen.scobees.com\/index.php\/wp-json\/wp\/v2\/pages"}],"about":[{"href":"https:\/\/fortbildungen.scobees.com\/index.php\/wp-json\/wp\/v2\/types\/page"}],"author":[{"embeddable":true,"href":"https:\/\/fortbildungen.scobees.com\/index.php\/wp-json\/wp\/v2\/users\/7"}],"replies":[{"embeddable":true,"href":"https:\/\/fortbildungen.scobees.com\/index.php\/wp-json\/wp\/v2\/comments?post=2435"}],"version-history":[{"count":97,"href":"https:\/\/fortbildungen.scobees.com\/index.php\/wp-json\/wp\/v2\/pages\/2435\/revisions"}],"predecessor-version":[{"id":2672,"href":"https:\/\/fortbildungen.scobees.com\/index.php\/wp-json\/wp\/v2\/pages\/2435\/revisions\/2672"}],"wp:attachment":[{"href":"https:\/\/fortbildungen.scobees.com\/index.php\/wp-json\/wp\/v2\/media?parent=2435"}],"curies":[{"name":"wp","href":"https:\/\/api.w.org\/{rel}","templated":true}]}}